s divided by d(-5).
22
Let m(t) = -22*t + 361. Calculate the remainder when 266 is divided by m(16).
5
Let u be (-5)/(50/8)*5. Let z = 19 - u. Let k = -8254 + 8368. What is the remainder when k is divided by z?
22
Suppose -91922 = -7*o + 7*o - 59*o. What is the remainder when o is divided by 16?
6
Suppose 305 = 32*b - 157 + 110. Calculate the remainder when 1121 is divided by b.
10
Suppose -5 = -4*p + 7, 2*y = p + 1. Suppose y*q + b = 251, -4*q = 5*b - 371 - 134. Calculate the remainder when q is divided by 18.
17
Let p(u) = u**3 + 21*u**2 + 40*u + 1149. Calculate the remainder when p(-21) is divided by 40.
29
Let g = 15444 - 14372. What is the remainder when g is divided by 216?
208
Let j(x) = 142*x**2 + 2*x - 3. Let s be j(1). Let d = 86 - s. What is the remainder when 2 is divided by 44/d*5/(-2)?
0
Let p = 97 + -111. Let j(k) = -k**2 - 14*k + 10. Let m be j(p). Suppose 5*z - 38 = -3*r, -4*z + m = -r - 0*r. Calculate the remainder when 18 is divided by r.
0
Let a(g) = -4*g. Let u be a(-1). Let q(s) = s**3 - 2*s**2 + s - 3. Suppose -4*j - 3*j + 49 = 0. Calculate the remainder when q(u) is divided by j.
5
Suppose i + 94 = -3*k, 0 = 4*k - 5*i - 5 + 124. Let c = k - -53. Suppose -3*s = -g + 99, 0 = g + 2*g - 10*s - 301. What is the remainder when g is divided by c?
21
Suppose 36*c = -14*c + 926350. Calculate the remainder when c is divided by 12.
11
Let m(u) = -4*u - 58. Let l be m(0). Let z = l - -55. What is the remainder when 74 is divided by (-18)/z - 4 - -23?
24
Let m = -156 + 277. Suppose m*j = 114*j + 350. What is the remainder when 145 is divided by j?
45
Let v = 112 + -56. Suppose 382*u - 646 = 5466. What is the remainder when v is divided by u?
8
Let d(l) = l**3 - 31*l**2 + 84*l + 173. What is the remainder when d(28) is divided by 9?
2
Let g(o) = o**2 - 14*o - 66. Suppose 20 = -5*v, -4 = 5*l - 3*l - v. Calculate the remainder when g(l) is divided by 1.
0
Suppose 5*t + 534 = 2*n, 3*n + 418*t = 423*t + 796. Calculate the remainder when 377 is divided by n.
115
Let w(q) be the second derivative of -5*q**3/3 + 19*q**2 - 22*q. What is the remainder when 22 is divided by w(3)?
6
Suppose 36*a - 128279 - 67561 = -100*a. Calculate the remainder when a is divided by 287.
5
Suppose k + 15 = 6*k. Suppose 0 = 4*z - k*z - 109. Let y = -12329 + 12357. Calculate the remainder when z is divided by y.
25
Let x = -12 - -21. Let q(w) = -19*w + 599. Calculate the remainder when q(16) is divided by x.
7
Let j(f) = -3*f**2 + 18*f + 2. Let v be j(6). Suppose -4*n - 23 = z - 103, 4*z - 248 = v*n. What is the remainder when z is divided by 6?
4
Suppose 70*h - 1536 = 64*h. Suppose -5*d + 54 = -h. What is the remainder when d is divided by 22?
18
Let y(p) be the first derivative of 8*p**2 - 40*p - 2. Let k be 5 + (-2 - (4 - 7)). Calculate the remainder when y(k) is divided by 19.
18
Suppose -2*i - 21*i + 50*i = 2727. Calculate the remainder when 686 is divided by i.
80
Let b(r) = 693*r + 3764. What is the remainder when b(-5) is divided by 45?
29
Let v = -379 + 412. Suppose 2 = j + 3*h, 4 = 2*j + 5*h - 6*h. Suppose 4*l = j*l + 256. What is the remainder when l is divided by v?
29
Suppose -191*z + 2737 = -72*z. Calculate the remainder when 161 is divided by z.
0
Suppose 5*y - 70 = 3*y. Let l(q) = 20465*q - 143237. Calculate the remainder when y is divided by l(7).
17
Suppose 2*i + 42 = -4*l + 158, -4*l = i - 114. Suppose 4*p + 7 = 207. Calculate the remainder when p is divided by l.
22
Let l = -115 - -134. Suppose -21 = -5*r + t + l, 16 = 2*r - 2*t. Calculate the remainder when r is divided by 21/12 - 3/(-12).
0
Let u = 2936 - 2913. Calculate the remainder when u is divided by (-1)/3 - (-3 + (-74)/6).
8
Let c(f) = -176*f**3 + 6 + 85*f**3 + 90*f**3 + 27 + 10*f**2 - 3*f. What is the remainder when 26 is divided by c(10)?
2
Let v(q) = -815*q - 68391. Calculate the remainder when v(-84) is divided by -30*(2 - (-8)/(-3)).
9
Let p(g) = 6*g**3 - 4*g**2 + 15*g + 19. Let l be p(5). Suppose -2*q - 2*a + 382 = -3*a, 4*q - l = -3*a. What is the remainder when q is divided by 32?
29
Let c(v) = -231*v - 15464. Suppose 0 = -4*l - 12, 3*x - l = 6*x - 453. What is the remainder when x is divided by c(-67)?
9
Let p be (-3 + 5 + -2)/1. What is the remainder when 13 is divided by (p/(-3) - 5)/((-10)/10)?
3
Let k = 128 - 94. Calculate the remainder when (k/(-51))/(6/(-603)) is divided by 17.
16
Let b be (4/12*0)/(-4). Suppose -3*d = -b*m - 2*m - 224, 5*d - 4*m = 370. What is the remainder when d is divided by 18/(-6)*(-27)/3?
24
What is the remainder when (40/(-32)*2)/((-5)/230) is divided by 26?
11
Let u be (-3)/(-2) + 2970/36. Let r = u - 88. What is the remainder when 85 is divided by 24 - r/((-4)/5)?
9
Let f(u) = 5*u**2 + 143*u - 724. Suppose 2 - 38 = -2*n. Calculate the remainder when n is divided by f(-33).
0
Let j(g) = 17*g**2 - 4*g - 160. Calculate the remainder when j(-6) is divided by (-12)/((-1)/(-20)*-3).
76
Let q = -80 + 57. Suppose 8*z - 3*z = -f + 45, 0 = 4*z - 8. Let u = f + q. What is the remainder when 34 is divided by u?
10
Let z be 80/6*(217/(-28) + 4). Let c = z - -60. Suppose -c*d + 35 = -25. Calculate the remainder when 28 is divided by d.
4
Let k = 9315 + -9235. What is the remainder when k is divided by 41?
39
Suppose -18*b - 102 = -24*b. Suppose 0 = b*i - i - 2288. Calculate the remainder when i is divided by 26.
13
Let h(i) = 158 + 182*i - 187*i + 22 - 29. What is the remainder when 151 is divided by h(15)?
75
Let m = 12 - 2. Suppose -l = -6*l + m. What is the remainder when 26 is divided by 14/l*(-9 - -10)?
5
Calculate the remainder when (8 - -4)*(((-4095)/(-20))/7 - -4) is divided by 124.
27
Suppose -14*r - 2*p = -10*r - 620, -9*p + 36 = 0. What is the remainder when r is divided by 43?
24
Let h(f) be the third derivative of f**4/12 - f**2. Suppose 0 = -3*v - 5356 + 5377. What is the remainder when 27 is divided by h(v)?
13
Suppose -41*q - 21*q + 14*q = -337392. What is the remainder when q is divided by 19?
18
Suppose -4*c = 4 + 4. What is the remainder when (-6)/c*(-43)/(-3) is divided by (5/20)/((-108)/(-3456))?
3
Let j(w) = -w**2 + 8*w - 2. Let x be j(7). Suppose 0 = -x*m + 2*m + 120. What is the remainder when m is divided by (21/(-336)*-4)/(5/220)?
7
Let l(p) = -33*p - 857. Calculate the remainder when l(-41) is divided by 170.
156
Calculate the remainder when 454 is divided by (5/2)/((-90)/(-8424)).
220
Let h = -166 - -167. Calculate the remainder when 48 is divided by h/(-3)*4 + 158/6.
23
Suppose -272*v + 390 = -267*v. What is the remainder when 193 is divided by v?
37
Suppose -a - 4*p = 0, 0 = 4*a + 5*p - 7 - 4. What is the remainder when (20 - 0)*(6 + (-110)/20) is divided by a?
2
Let l(a) = 2844*a - 45465. What is the remainder when 2/(-7) - (-1875)/21 is divided by l(16)?
11
Suppose 16*o - 210 = 1838. What is the remainder when 281 is divided by o?
25
Let g(o) = 11*o**3 + 2*o**2 - 3*o. Let a be g(2). Let w = a - 61. What is the remainder when w is divided by ((-2)/3)/((-1764)/10260 - (-14)/133)?
9
Suppose -2*v + 19763 = d, 5491 = -5*v - 2*d + 54897. What is the remainder when v is divided by 122?
120
Let g(l) = -302*l + 637. What is the remainder when 759 is divided by g(2)?
0
Let o = -51 + 52. Calculate the remainder when 183 is divided by (-24 + o)*(-2)/1.
45
Suppose 14*b + 128 = -936. Let w = b + 81. Calculate the remainder when (-4)/(-12) + 86/3 is divided by w.
4
Suppose 0 = -q + 4*q + 6, 5*i = 4*q + 128. Let a be ((-150)/i)/(1/4). Let f(l) = -2*l - 13. Calculate the remainder when 184 is divided by f(a).
36
Let q be (2/4)/(1/26*1). Suppose -18*z + 1120 = -q*z. Suppose 7*g + z = 11*g. What is the remainder when g is divided by 29?
27
Let t(j) = 2*j**2 - 29*j - 124. Calculate the remainder when t(23) is divided by 115.
37
Suppose -8*s + 18*s = -12*s + 4884. What is the remainder when s is divided by 47?
34
Suppose -11*p + 41 = -8*p - 5*a, -p + 11 = -3*a. What is the remainder when 75 is divided by 3/(15/(-10))*p/(-2)?
7
Let z = 5677 + -2910. Calculate the remainder when z is divided by 163.
159
What is the remainder when 46 is divided by -10 + 17 + (3/3 - -4)?
10
Suppose 3*t - 4*c = -622, -4*c = 5*t - 3*t + 448. Calculate the remainder when 5*14/14*t/(-10) is divided by 16.
11
Let i(q) = -q**3 - 20*q**2 - 92*q. Let g be i(-14). Suppos